02-08 13:35:11.853 D/dalvikvm(15371): GC_CONCURRENT freed 1509K, 47% free 4525K/8519K, external 7759K/8318K, paused 2ms+3ms
02-08 13:35:11.884 I/CommonUtils(15371): updatePurchaseStatusForMediaCache ....
02-08 13:35:11.892 W/InputManagerService( 1372): Window already focused, ignoring focus gain of: com.android.internal.view.IInputMethodClient$Stub$Proxy@40851660
02-08 13:35:11.899 D/skia (15371): Loading ARM decoder...
02-08 13:35:11.899 D/MSC_V3.2.7(15371): API MSC_V3.2.7 : getRemainingRightsInfo - START
02-08 13:35:11.907 D/MSC_V3.2.7(15371): device id : 173adb4e339c16e7
02-08 13:35:11.907 D/MSC_V3.2.7(15371): Getting Rights info from LOCAL for : /mnt/sdcard/.video/Afric_342339.mp4
02-08 13:35:11.907 D/MSC_V3.2.7(15371): getRemainingRights for :/mnt/sdcard/.video/Afric_342339.mp4
02-08 13:35:11.907 D/MSC_V3.2.7(15371): BEFORE calling iprmHandle.getSMVODRule for content: Afric_342339.mp4
02-08 13:35:11.915 D/MSC_V3.2.7(15371): AFTER getSMVODRule
02-08 13:35:11.915 D/MSC_V3.2.7(15371): rentalflag = true
02-08 13:35:11.915 D/MSC_V3.2.7(15371): start time = -1895530448
02-08 13:35:11.915 D/MSC_V3.2.7(15371): play window = -1409286016
02-08 13:35:11.915 D/MSC_V3.2.7(15371): expiry time = 1866006752
02-08 13:35:11.915 D/MSC_V3.2.7(15371): local PERSISTENT RIGHTS file not accessible
02-08 13:35:11.915 D/MSC_V3.2.7(15371): API MSC_V3.2.7 : getRemainingRightsInfo - END
02-08 13:35:11.915 V/SMDRMManager(15371): getRemainingRightsInfo() FAILLOCAL PERSISTENT RIGHTS NOT ACCESSIBLE
02-08 13:35:11.923 D/skia (15371): Loading ARM decoder...
02-08 13:35:11.923 D/MSC_V3.2.7(15371): API MSC_V3.2.7 : getRemainingRightsInfo - START
02-08 13:35:11.931 D/MSC_V3.2.7(15371): device id : 173adb4e339c16e7
02-08 13:35:11.931 D/MSC_V3.2.7(15371): Getting Rights info from LOCAL for : /mnt/sdcard/.video/Frien_380104.mp4
02-08 13:35:11.931 D/MSC_V3.2.7(15371): getRemainingRights for :/mnt/sdcard/.video/Frien_380104.mp4
02-08 13:35:11.931 D/MSC_V3.2.7(15371): BEFORE calling iprmHandle.getSMVODRule for content: Frien_380104.mp4
02-08 13:35:11.931 D/MSC_V3.2.7(15371): AFTER getSMVODRule
02-08 13:35:11.931 D/MSC_V3.2.7(15371): rentalflag = true
02-08 13:35:11.931 D/MSC_V3.2.7(15371): start time = 0
02-08 13:35:11.931 D/MSC_V3.2.7(15371): play window = 0
02-08 13:35:11.931 D/MSC_V3.2.7(15371): expiry time = 1328767889
02-08 13:35:11.931 D/MSC_V3.2.7(15371): returning RightsInfo
02-08 13:35:11.938 D/MSC_V3.2.7(15371): API MSC_V3.2.7 : getRemainingRightsInfo - END
02-08 13:35:11.938 D/skia (15371): Loading ARM decoder...
02-08 13:35:12.063 I/Process ( 1372): Sending signal. PID: 1565 SIG: 3
02-08 13:35:12.063 I/Process ( 1372): Sending signal. PID: 1595 SIG: 3
02-08 13:35:12.071 I/Process ( 1372): Sending signal. PID: 1457 SIG: 3
02-08 13:35:12.087 I/Process ( 1372): Sending signal. PID: 1537 SIG: 3
02-08 13:35:12.103 D/InputDispatcher( 1372): channel '407fd168 com.verizon.ams.tesla/com.verizon.ams.tesla.ui.TabDownloadsActivity (server)' ~ Synthesized 1 cancelation events to bring channel back in sync with reality: application not responding, options=0.
02-08 13:35:12.103 I/InputDispatcher( 1372): Dropping event because the pointer is not down.
02-08 13:35:12.103 I/InputDispatcher( 1372): Dropping event because the pointer is not down.
02-08 13:35:12.103 I/InputDispatcher( 1372): Dropping event because the pointer is not down.
02-08 13:35:12.103 E/ActivityManager( 1372): ANR in com.verizon.ams.tesla (com.verizon.ams.tesla/.ui.TabDownloadsActivity)
02-08 13:35:12.103 E/ActivityManager( 1372): Reason: keyDispatchingTimedOut
02-08 13:35:12.103 E/ActivityManager( 1372): Load: 1.81 / 1.96 / 1.29
02-08 13:35:12.103 E/ActivityManager( 1372): CPU usage from 6001ms to 981ms ago:
02-08 13:35:12.103 E/ActivityManager( 1372): 33% 15371/com.verizon.ams.tesla: 25% user + 8.3% kernel / faults: 2657 minor
02-08 13:35:12.103 E/ActivityManager( 1372): 8.5% 3/ksoftirqd/0: 0% user + 8.5% kernel
02-08 13:35:12.103 E/ActivityManager( 1372): 3.5% 1444/com.android.systemui: 2.3% user + 1.1% kernel / faults: 3249 minor
02-08 13:35:12.103 E/ActivityManager( 1372): 3.1% 1372/system_server: 2.1% user + 0.9% kernel / faults: 60 minor
02-08 13:35:12.103 E/ActivityManager( 1372): 2.1% 15355/com.cooliris.media: 1.7% user + 0.3% kernel / faults: 1005 minor
02-08 13:35:12.103 E/ActivityManager( 1372): 1.3% 5153/tiwlan_wq: 0% user + 1.3% kernel
02-08 13:35:12.103 E/ActivityManager( 1372): 1.1% 771/mmcqd: 0% user + 1.1% kernel
02-08 13:35:12.103 E/ActivityManager( 1372): 0.9% 1457/com.amazon.kindle.otter: 0.9% user + 0% kernel / faults: 3 minor
02-08 13:35:12.103 E/ActivityManager( 1372): 0.3% 7/events/0: 0% user + 0.3% kernel
02-08 13:35:12.103 E/ActivityManager( 1372): 0.3% 1302/adbd: 0% user + 0.3% kernel
02-08 13:35:12.103 E/ActivityManager( 1372): 0.3% 11097/android.process.media: 0% user + 0.3% kernel / faults: 23 minor
02-08 13:35:12.103 E/ActivityManager( 1372): 0.1% 1310/pvr_workqueue: 0% user + 0.1% kernel
02-08 13:35:12.103 E/ActivityManager( 1372): 0.1% 1537/com.amazon.gardemanger: 0.1% user + 0% kernel
02-08 13:35:12.103 E/ActivityManager( 1372): 0% 12401/ksoftirqd/1: 0% user + 0% kernel
02-08 13:35:12.103 E/ActivityManager( 1372): 0.1% 12414/events/1: 0% user + 0.1% kernel
02-08 13:35:12.103 E/ActivityManager( 1372): 0.1% 15292/logcat: 0.1% user + 0% kernel
02-08 13:35:12.103 E/ActivityManager( 1372): 0.1% 15345/logcat: 0% user + 0.1% kernel
02-08 13:35:12.103 E/ActivityManager( 1372): 39% TOTAL: 17% user + 15% kernel + 7.1% iowait + 0% softirq
02-08 13:35:12.103 E/ActivityManager( 1372): CPU usage from 307ms to 836ms later:
02-08 13:35:12.103 E/ActivityManager( 1372): 100% 15371/com.verizon.ams.tesla: 78% user + 21% kernel / faults: 1498 minor
02-08 13:35:12.103 E/ActivityManager( 1372): 69% 15371/rizon.ams.tesla: 57% user + 11% kernel
02-08 13:35:12.103 E/ActivityManager( 1372): 9.6% 15374/GC: 7.6% user + 1.9% kernel
02-08 13:35:12.103 E/ActivityManager( 1372): 3.8% 15378/Compiler: 0% user + 3.8% kernel
02-08 13:35:12.103 E/ActivityManager( 1372): 33% 1372/system_server: 22% user + 11% kernel / faults: 676 minor
02-08 13:35:12.103 E/ActivityManager( 1372): 9.4% 1379/SurfaceFlinger: 9.4% user + 0% kernel
02-08 13:35:12.103 E/ActivityManager( 1372): 7.5% 1413/WindowManager: 7.5% user + 0% kernel
02-08 13:35:12.103 E/ActivityManager( 1372): 3.7% 1415/InputDispatcher: 0% user + 3.7% kernel
02-08 13:35:12.103 E/ActivityManager( 1372): 1.8% 1377/Binder Thread #: 0% user + 1.8% kernel
02-08 13:35:12.103 E/ActivityManager( 1372): 1.8% 1378/Binder Thread #: 0% user + 1.8% kernel
02-08 13:35:12.103 E/ActivityManager( 1372): 1.8% 1392/ActivityManager: 1.8% user + 0% kernel
02-08 13:35:12.103 E/ActivityManager( 1372): 1.8% 1468/Binder Thread #: 1.8% user + 0% kernel
02-08 13:35:12.103 E/ActivityManager( 1372): 1.8% 1545/Binder Thread #: 0% user + 1.8% kernel
02-08 13:35:12.103 E/ActivityManager( 1372): 1.8% 1552/Binder Thread #: 1.8% user + 0% kernel
02-08 13:35:12.103 E/ActivityManager( 1372): 1.8% 1562/Binder Thread #: 0% user + 1.8% kernel
02-08 13:35:12.103 E/ActivityManager( 1372): 7.6% 1565/com.amazon.dcp: 6.1% user + 1.5% kernel / faults: 66 minor
02-08 13:35:12.103 E/ActivityManager( 1372): 4.6% 1568/GC: 4.6% user + 0% kernel
02-08 13:35:12.103 E/ActivityManager( 1372): 3% 1635/pool-1-thread-1: 1.5% user + 1.5% kernel
02-08 13:35:12.103 E/ActivityManager( 1372): 4.6% 1595/com.amazon.venezia: 4.6% user + 0% kernel / faults: 17 minor
02-08 13:35:12.103 E/ActivityManager( 1372): 3% 1603/Binder Thread #: 3% user + 0% kernel
02-08 13:35:12.103 E/ActivityManager( 1372): 1.5% 9401/Binder Thread #: 1.5% user + 0% kernel
02-08 13:35:12.103 E/ActivityManager( 1372): 3.8% 1457/com.amazon.kindle.otter: 1.9% user + 1.9% kernel / faults: 20 minor
02-08 13:35:12.103 E/ActivityManager( 1372): 1.9% 3310/pool-16-thread-: 0% user + 1.9% kernel
02-08 13:35:12.103 E/ActivityManager( 1372): 1.2% 1278/jbd2/mmcblk0p10: 0% user + 1.2% kernel
02-08 13:35:12.103 E/ActivityManager( 1372): 1.3% 1302/adbd: 0% user + 1.3% kernel
02-08 13:35:12.103 E/ActivityManager( 1372): 1.3% 1302/adbd: 0% user + 1.3% kernel
02-08 13:35:12.103 E/ActivityManager( 1372): 1.3% 1310/pvr_workqueue: 0% user + 1.3% kernel
02-08 13:35:12.103 E/ActivityManager( 1372): 1.9% 1537/com.amazon.gardemanger: 1.9% user + 0% kernel / faults: 15 minor
02-08 13:35:12.103 E/ActivityManager( 1372): 1.9% 1582/Binder Thread #: 1.9% user + 0% kernel
02-08 13:35:12.103 E/ActivityManager( 1372): 1.9% 1584/pool-1-thread-2: 1.9% user + 0% kernel
02-08 13:35:12.103 E/ActivityManager( 1372): 1.9% 1593/Binder Thread #: 1.9% user + 0% kernel
02-08 13:35:12.103 E/ActivityManager( 1372): 1.5% 1646/logcat: 0% user + 1.5% kernel
02-08 13:35:12.103 E/ActivityManager( 1372): 1.6% 15345/logcat: 0% user + 1.6% kernel
02-08 13:35:12.103 E/ActivityManager( 1372): 85% TOTAL: 62% user + 19% kernel + 3.8% iowait
02-08 13:35:12.446 D/dalvikvm( 1372): GC_FOR_MALLOC freed 1586K, 50% free 6691K/13127K, external 7055K/8538K, paused 54ms
02-08 13:35:12.556 D/dalvikvm( 1372): GC_FOR_MALLOC freed 455K, 48% free 6892K/13127K, external 7051K/8538K, paused 51ms
02-08 13:35:12.610 D/dalvikvm( 1372): GC_FOR_MALLOC freed 627K, 46% free 7201K/13127K, external 7051K/8538K, paused 48ms
02-08 13:35:12.610 I/dalvikvm-heap( 1372): Grow heap (frag case) to 16.958MB for 693062-byte allocation
02-08 13:35:12.673 D/dalvikvm( 1372): GC_FOR_MALLOC freed 0K, 44% free 7878K/13831K, external 7051K/8538K, paused 51ms
02-08 13:35:14.142 W/ActivityManager( 1372): Force finishing activity com.verizon.ams.tesla/.ui.TabDownloadsActivity
02-08 13:35:14.142 I/ActivityManager( 1372): Killing com.verizon.ams.tesla (pid=15371): user's request
02-08 13:35:14.149 I/Process ( 1372): Sending signal. PID: 15371 SIG: 9
02-08 13:35:14.181 I/ActivityManager( 1372): Process com.verizon.ams.tesla (pid 15371) has died.
02-08 13:35:14.181 W/ActivityManager( 1372): Service crashed 2 times, stopping: ServiceRecord{40741f90 com.verizon.ams.tesla/.service.download.MetaDataSyncService}
02-08 13:35:14.181 W/ActivityManager( 1372): Service crashed 2 times, stopping: ServiceRecord{40741588 com.verizon.ams.tesla/.service.download.DownloadService}
02-08 13:35:14.181 E/InputDispatcher( 1372): channel '40903ee8 com.verizon.ams.tesla/com.verizon.ams.tesla.ui.MainActivity (server)' ~ Consumer closed input channel or an error occurred. events=0x8
02-08 13:35:14.181 E/InputDispatcher( 1372): channel '40903ee8 com.verizon.ams.tesla/com.verizon.ams.tesla.ui.MainActivity (server)' ~ Channel is unrecoverably broken and will be disposed!
02-08 13:35:14.188 E/InputDispatcher( 1372): channel '407fd168 com.verizon.ams.tesla/com.verizon.ams.tesla.ui.TabDownloadsActivity (server)' ~ Consumer closed input channel or an error occurred. events=0x8
02-08 13:35:14.188 E/InputDispatcher( 1372): channel '407fd168 com.verizon.ams.tesla/com.verizon.ams.tesla.ui.TabDownloadsActivity (server)' ~ Channel is unrecoverably broken and will be disposed!
02-08 13:35:14.188 I/WindowManager( 1372): WINDOW DIED Window{40903ee8 com.verizon.ams.tesla/com.verizon.ams.tesla.ui.MainActivity paused=false}
02-08 13:35:14.188 I/WindowManager( 1372): WIN DEATH: Window{407fd168 com.verizon.ams.tesla/com.verizon.ams.tesla.ui.TabDownloadsActivity paused=true}
02-08 13:35:14.196 W/WindowManager( 1372): Failed looking up window
02-08 13:35:14.196 W/WindowManager( 1372): java.lang.IllegalArgumentException: Requested window android.os.BinderProxy@4093e598 does not exist
02-08 13:35:14.196 W/WindowManager( 1372): at com.android.server.WindowManagerService.windowForClientLocked(WindowManagerService.java:8177)
02-08 13:35:14.196 W/WindowManager( 1372): at com.android.server.WindowManagerService.windowForClientLocked(WindowManagerService.java:8168)
02-08 13:35:14.196 W/WindowManager( 1372): at com.android.server.WindowManagerService$WindowState$DeathRecipient.binderDied(WindowManagerService.java:7027)
02-08 13:35:14.196 W/WindowManager( 1372): at android.os.BinderProxy.sendDeathNotice(Binder.java:381)
02-08 13:35:14.196 W/WindowManager( 1372): at dalvik.system.NativeStart.run(Native Method)
02-08 13:35:14.196 I/WindowManager( 1372): WIN DEATH: null
02-08 13:35:14.204 I/ActivityManager( 1372): Start proc com.verizon.ams.tesla for activity com.verizon.ams.tesla/.ui.MainActivity: pid=15424 uid=10034 gids={3003, 1015}
02-08 13:35:14.235 E/jdwp (15424): Failed sending reply to debugger: Broken pipe
02-08 13:35:14.235 D/dalvikvm(15424): Debugger has detached; object registry had 1 entries
02-08 13:35:14.251 I/LAB126 ( 1444): StatusBarService hears intent. action: com.lab126.intent.TOP_WINDOW_CHANGED
02-08 13:35:14.251 I/LAB126 ( 1444): window changed
02-08 13:35:14.251 I/LAB126 ( 1444): don't set softkey config for 'Starting...' window
02-08 13:35:14.267 I/ActivityManager( 1372): Displayed com.verizon.ams.tesla/.ui.TabDownloadsActivity: +9s178ms
02-08 13:35:14.306 I/ActivityThread(15424): Pub com.verizon.mediamanager.SearchSuggestion: com.verizon.mediamanager.SearchSuggestion
02-08 13:35:14.306 D/ContentProvider(15424): Videos folder exist
02-08 13:35:14.306 D/ContentProvider(15424): Pictures folder exists
02-08 13:35:14.313 I/MSV (15424): FiosTV Remote DVR Configuration
02-08 13:35:14.313 I/MSV (15424): ===============================
02-08 13:35:14.313 I/MSV (15424): Config: production
02-08 13:35:14.313 I/MSV (15424): Device Model: Kindle Fire
02-08 13:35:14.313 I/MSV (15424): Proxy URL: https://www32.verizon.com/vvmapp2/VVM_LAB.aspx?URL=
02-08 13:35:14.313 I/MSV (15424): Network Timeout: 25000 ms
02-08 13:35:14.313 I/MSV (15424): ===============================
02-08 13:35:14.329 V/MSVAppData(15424): init MSV data
02-08 13:35:14.329 V/MSVAppData(15424): ********* DEVICEID:173adb4e339c16e7
02-08 13:35:14.337 D/mediamanager(15424): APP CONTEXT RECYCLING
02-08 13:35:14.337 D/mediamanager(15424): setting environment for mmol : PRODUCTION
02-08 13:35:14.431 D/dalvikvm(15424): GC_CONCURRENT freed 357K, 48% free 3111K/5895K, external 933K/1181K, paused 1ms+2ms
02-08 13:35:14.462 D/dalvikvm(15424): GC_EXTERNAL_ALLOC freed 2K, 48% free 3109K/5895K, external 933K/1181K, paused 26ms
02-08 13:35:14.532 D/dalvikvm(15424): GC_EXTERNAL_ALLOC freed 30K, 48% free 3079K/5895K, external 4683K/5848K, paused 25ms
02-08 13:35:14.688 D/vzAnalytics(15424): WiFi:true, CellData:false
02-08 13:35:14.688 D/vzAnalytics(15424): Started network thread 1328729714699
02-08 13:35:14.688 D/vzAnalytics(15424): Initializing session 1328729714698-MM5MJRS
02-08 13:35:14.696 D/vzAnalytics(15424): Scheduling db and net save task
02-08 13:35:14.696 I/vzAnalytics(15424): Initialized vz analytics. version 2.0.2
02-08 13:35:14.751 W/InputManagerService( 1372): Got RemoteException sending setActive(false) notification to pid 15371 uid 10034
02-08 13:35:14.829 D/dalvikvm(15424): GC_CONCURRENT freed 224K, 45% free 3334K/6023K, external 3799K/4317K, paused 2ms+3ms
02-08 13:35:14.915 I/ActivityManager( 1372): Displayed com.verizon.ams.tesla/.ui.MainActivity: +717ms
02-08 13:35:14.915 I/LAB126 ( 1444): StatusBarService hears intent. action: com.lab126.intent.TOP_WINDOW_CHANGED
02-08 13:35:14.915 I/LAB126 ( 1444): window changed
02-08 13:35:15.063 D/dalvikvm(15424): GC_CONCURRENT freed 955K, 47% free 3913K/7303K, external 3799K/4317K, paused 4ms+3ms
02-08 13:35:15.110 D/vzAnalytics(15424): Loaded 0 config keys
02-08 13:35:15.274 V/DesEncrypter(15424): error while decrypt: javax.crypto.IllegalBlockSizeException: last block incomplete in decryption
02-08 13:35:15.274 I/System.out(15424): Account Migration Exception : java.lang.NullPointerException
02-08 13:35:15.290 V/DRMManager(15424): PV Lib not linked
02-08 13:35:15.290 E/FVApplication(15424): TRY MOTO DRM
02-08 13:35:15.298 E/FVApplication(15424): SUCCESS bind to Janus DRM API
02-08 13:35:15.298 V/DeviceDRMInfoManager(15424): fetchDeviceDRMInfo() :: url = http://www98-west.verizon.com/mobilesvc/adLibSvc/adLibRestSvc/Devicelist?Model=Kindle+Fire&firmware=default&ostype=android&osversion=10&appname=MM&appversion=1.5.0&format=xml
02-08 13:35:15.298 V/MSV (15424): WebUtils url:http://www98-west.verizon.com/mobilesvc/adLibSvc/adLibRestSvc/Devicelist?Model=Kindle+Fire&firmware=default&ostype=android&osversion=10&appname=MM&appversion=1.5.0&format=xml
02-08 13:35:15.298 V/MetaDataSyncService(15424): getMediaIds():
02-08 13:35:15.298 W/ActivityManager( 1372): Unable to start service Intent { act=com.motorola.android.wmdrm.IWmdrmService }: not found
02-08 13:35:15.353 V/MetaDataSyncService(15424): downloadPurchaseList() :: url = https://www36.verizon.com/MSVAppServices/Authenticated/POX/AccountMgrXmlServices.asmx/MSVAppRequest?
02-08 13:35:15.353 V/MetaDataSyncService(15424): downloadPurchaseList() :: postData = strInputXML=GETPURCHASEDTITLESironman1058DNETtrans_12BB001YDESCproduct_purchasedDateALLAverageRatingALLALL
02-08 13:35:15.353 V/MSV (15424): WebUtils url:https://www36.verizon.com/MSVAppServices/Authenticated/POX/AccountMgrXmlServices.asmx/MSVAppRequest?
02-08 13:35:15.353 V/MSV (15424): WebUtils body:strInputXML=GETPURCHASEDTITLESironman1058DNETtrans_12BB001YDESCproduct_purchasedDateALLAverageRatingALLALL
02-08 13:35:15.353 V/MetaDataSyncService(15424): downloadWatchList() :: url = https://www36.verizon.com/MSVAppServices/Authenticated/POX/AccountMgrXmlServices.asmx/MSVAppRequest?
02-08 13:35:15.353 V/MetaDataSyncService(15424): downloadWatchList() :: postData = strInputXML=GETWATCHLISTironman1058DNETtrans_12BB001DESCproduct_dtmcreateDateALLAverageRatingALLALL
02-08 13:35:15.353 V/MSV (15424): WebUtils url:https://www36.verizon.com/MSVAppServices/Authenticated/POX/AccountMgrXmlServices.asmx/MSVAppRequest?
02-08 13:35:15.353 V/MSV (15424): WebUtils body:strInputXML=GETWATCHLISTironman1058DNETtrans_12BB001DESCproduct_dtmcreateDateALLAverageRatingALLALL
02-08 13:35:15.376 V/MSV (15424): WebUtils url:https://www36.verizon.com/MSVAppServices/Authenticated/POX/CatalogXmlServices.asmx/MSVAppRequest?
02-08 13:35:15.376 V/MSV (15424): WebUtils body:strInputXML=GETUSERRATINGSironman1058DNETtrans_12BB001
02-08 13:35:15.376 V/MetaDataSyncService(15424): getContentItemIds():
02-08 13:35:15.501 V/MSV (15424): finished http post call
02-08 13:35:15.884 V/MSV (15424): WebUtils finished http get call
02-08 13:35:15.884 I/DeviceDRMInfoManager(15424): deviceDRMHandler..
02-08 13:35:15.923 V/DeviceDRMInfoManager(15424): DRM FOR THE DEVICE: [SM]
02-08 13:35:16.181 D/dalvikvm(15424): GC_CONCURRENT freed 1311K, 47% free 4287K/8071K, external 3799K/4317K, paused 1ms+3ms
02-08 13:35:16.806 I/MetaDataSyncService(15424): getting purchaselist successful!
02-08 13:35:16.806 V/MSV (15424): WebUtils finished http post call
02-08 13:35:17.149 D/skia (15424): Loading ARM decoder...
02-08 13:35:17.165 D/skia (15424): Loading ARM decoder...
02-08 13:35:17.165 D/skia (15424): sk_fill_input_buffer():54:: !!!Premature end of JPEG file. Sending dummy EOI.
02-08 13:35:17.165 D/skia (15424): --- decoder->decode returned false
02-08 13:35:17.165 I/System.out(15424): resolveUri failed on bad bitmap uri: /data/data/com.verizon.ams.tesla/cache/169971789.cachefile
02-08 13:35:17.220 D/skia (15424): Loading ARM decoder...
02-08 13:35:17.267 D/dalvikvm(15424): GC_EXTERNAL_ALLOC freed 811K, 50% free 4202K/8327K, external 4309K/4317K, paused 35ms
02-08 13:35:17.313 D/skia (15424): Loading ARM decoder...
02-08 13:35:17.313 D/skia (15424): sk_fill_input_buffer():54:: !!!Premature end of JPEG file. Sending dummy EOI.
02-08 13:35:17.313 D/skia (15424): --- decoder->decode returned false
02-08 13:35:17.313 I/System.out(15424): resolveUri failed on bad bitmap uri: /data/data/com.verizon.ams.tesla/cache/169971789.cachefile
02-08 13:35:17.321 I/MetaDataSyncService(15424): purchaselistIndex size bobby:0
02-08 13:35:17.321 I/MetaDataSyncService(15424): purchaselistIndex size bobby:0
02-08 13:35:17.321 I/MetaDataSyncService(15424): Purchasehistory list Parsing successfully
02-08 13:35:17.399 D/skia (15424): Loading ARM decoder...
02-08 13:35:17.407 D/skia (15424): --- decoder->decode returned false
02-08 13:35:17.579 V/MSV (15424): WebUtils finished http post call
02-08 13:35:17.579 V/MSV (15424): Silent request done...
02-08 13:35:17.579 V/MSV (15424): WebUtils finished http post call
02-08 13:35:17.579 V/MSV (15424): getting watchlist successful!
02-08 13:35:17.587 D/skia (15424): Loading ARM decoder...
02-08 13:35:17.657 V/MSV (15424): watchlist index created!9
02-08 13:35:17.657 I/MSV (15424): Watchlist Parsing successfully